{"id":4897,"date":"2021-06-09T14:27:23","date_gmt":"2021-06-09T12:27:23","guid":{"rendered":"http:\/\/itsall-banking-insurance.com\/?page_id=4897"},"modified":"2022-03-08T11:16:18","modified_gmt":"2022-03-08T10:16:18","slug":"intervista-sala-state-street","status":"publish","type":"page","link":"https:\/\/itsall-banking-insurance.com\/index.php\/intervista-sala-state-street\/","title":{"rendered":"zintervista Sala STATE STREET"},"content":{"rendered":"<p><strong><img loading=\"lazy\" decoding=\"async\" class=\"size-full wp-image-4898 alignleft\" src=\"http:\/\/itsall-banking-insurance.com\/wp-content\/uploads\/2021\/06\/Pasquale-Sala-State-Street_2.jpg\" alt=\"\" width=\"200\" height=\"200\" srcset=\"https:\/\/itsall-banking-insurance.com\/wp-content\/uploads\/2021\/06\/Pasquale-Sala-State-Street_2.jpg 200w, https:\/\/itsall-banking-insurance.com\/wp-content\/uploads\/2021\/06\/Pasquale-Sala-State-Street_2-150x150.jpg 150w\" sizes=\"(max-width: 200px) 100vw, 200px\" \/><\/strong><\/p>\n<p>&nbsp;<\/p>\n<h1><span style=\"color: #800000;\">Intervista<\/span><\/h1>\n<p><strong>Pasquale Sala\u00a0<\/strong>Senior Relationship Manager for Asset Owners ad Insurance\u00a0<strong>STATE STREET<\/strong><\/p>\n<p>&nbsp;<\/p>\n<p>&nbsp;<\/p>\n<p>&nbsp;<\/p>\n<h2><span style=\"color: #800000;\"><strong>Come usufruire delle potenzialit\u00e0 dei dati e della loro integrazione per raggiungere gli obbiettivi di business?<\/strong><\/span><\/h2>\n<p>Assistiamo ormai da diversi anni ad una ricerca da parte delle Istituzioni Finanziarie ed in particolare dalle Imprese di Assicurazione di efficienza operativa unita ad una apertura verso investimenti non tradizionali.<\/p>\n<p>Questi due trend, spesso in conflitto, uniti alla crescente pressione normativa, pongono una serie di sfide che non possono essere affrontate con le metodologie e le strutture operative tradizionali.<\/p>\n<p>Con particolare riferimento alle imprese di assicurazione, i livelli dei tassi di interesse, ormai da anni estremamente bassi o addirittura negativi, stanno mettendo sotto enorme pressione i margini. Per affrontare queste condizioni di mercato, le imprese di assicurazione sono alla ricerca di altre forme di ricavo (per esempio facendo leva sulle competenze gestionali interne per offrire servizi di gestione a soggetti terzi) o asset class alternative su cui puntare la propria strategia di \u201casset allocation\u201d.<\/p>\n<p>Quanto sopra deve tuttavia essere affiancato ad una rigorosa rivisitazione della struttura dei costi volta ad una maggiore efficienza della macchina operativa. Inoltre, l\u2019intensificarsi della pressione normativa e regolamentare impone sempre maggiori controlli nelle varie fasi del processo di investimento e di conseguenza fa emergere la necessit\u00e0 di dover gestire quantit\u00e0 sempre pi\u00f9 elevate di informazioni.<\/p>\n<p>E\u2019 quindi evidente che in questo contesto occorra cambiare il paradigma e convertirsi a nuovi modelli che siano in grado di sfruttare appieno le nuove tecnologie. Questo pu\u00f2 voler dire trasformare l\u2019intera struttura operativa e tecnica dell\u2019impresa o affidarsi a soggetti terzi che siano in grado di offrire servizi integrati in modalit\u00e0 di outsourcing sfruttando dimensioni regionali o globali con ampie capacit\u00e0 di investimento in tecnologia da condividere con i player del mercato.<\/p>\n<p>Al centro di questo nuovo paradigma ci sono i dati e la capacit\u00e0 di lavorarli, requisito chiave per ogni successo futuro. Le nuove tecnologie permettono di raccogliere, gestire e far circolare i dati in maniera veloce, flessibile e controllata. In particolare, i dati possono essere catturati da molteplici fonti, normalizzati e resi disponibili con modalit\u00e0 e tecniche diverse a seconda del fine che tali informazioni debbono avere (operativo, controllo interno, regolamentare\u2026), ma solo le nuove tecnologie e partner dotati di capacit\u00e0 di investimento a supporto di strategie chiare possono offrire tutto questo e accompagnare le Istituzioni Finanziarie in questa nuova dimensione.<\/p>\n<p>&nbsp;<\/p>\n","protected":false},"excerpt":{"rendered":"<p>&nbsp; Intervista Pasquale Sala\u00a0Senior Relationship Manager for Asset Owners ad Insurance\u00a0STATE STREET &nbsp; &nbsp; &nbsp; Come usufruire delle potenzialit\u00e0 dei dati e della loro integrazione per raggiungere gli obbiettivi di business? Assistiamo ormai da diversi anni ad una ricerca da parte delle Istituzioni Finanziarie ed in particolare dalle Imprese di Assicurazione di efficienza operativa unita [&hellip;]<\/p>\n","protected":false},"author":2,"featured_media":0,"parent":0,"menu_order":0,"comment_status":"closed","ping_status":"closed","template":"","meta":{"footnotes":""},"yoast_head":"<!-- This site is optimized with the Yoast SEO plugin v22.9 - https:\/\/yoast.com\/wordpress\/plugins\/seo\/ -->\n<title>zintervista Sala STATE STREET - It&#039;s all Banking &amp; Insurance<\/title>\n<meta name=\"robots\" content=\"index, follow, max-snippet:-1, max-image-preview:large, max-video-preview:-1\" \/>\n<link rel=\"canonical\" href=\"https:\/\/itsall-banking-insurance.com\/index.php\/intervista-sala-state-street\/\" \/>\n<meta property=\"og:locale\" content=\"it_IT\" \/>\n<meta property=\"og:type\" content=\"article\" \/>\n<meta property=\"og:title\" content=\"zintervista Sala STATE STREET - It&#039;s all Banking &amp; Insurance\" \/>\n<meta property=\"og:description\" content=\"&nbsp; Intervista Pasquale Sala\u00a0Senior Relationship Manager for Asset Owners ad Insurance\u00a0STATE STREET &nbsp; &nbsp; &nbsp; Come usufruire delle potenzialit\u00e0 dei dati e della loro integrazione per raggiungere gli obbiettivi di business? Assistiamo ormai da diversi anni ad una ricerca da parte delle Istituzioni Finanziarie ed in particolare dalle Imprese di Assicurazione di efficienza operativa unita [&hellip;]\" \/>\n<meta property=\"og:url\" content=\"https:\/\/itsall-banking-insurance.com\/index.php\/intervista-sala-state-street\/\" \/>\n<meta property=\"og:site_name\" content=\"It&#039;s all Banking &amp; Insurance\" \/>\n<meta property=\"article:modified_time\" content=\"2022-03-08T10:16:18+00:00\" \/>\n<meta property=\"og:image\" content=\"http:\/\/itsall-banking-insurance.com\/wp-content\/uploads\/2021\/06\/Pasquale-Sala-State-Street_2.jpg\" \/>\n<meta name=\"twitter:card\" content=\"summary_large_image\" \/>\n<meta name=\"twitter:label1\" content=\"Tempo di lettura stimato\" \/>\n\t<meta name=\"twitter:data1\" content=\"2 minuti\" \/>\n<script type=\"application\/ld+json\" class=\"yoast-schema-graph\">{\"@context\":\"https:\/\/schema.org\",\"@graph\":[{\"@type\":\"WebPage\",\"@id\":\"https:\/\/itsall-banking-insurance.com\/index.php\/intervista-sala-state-street\/\",\"url\":\"https:\/\/itsall-banking-insurance.com\/index.php\/intervista-sala-state-street\/\",\"name\":\"zintervista Sala STATE STREET - It&#039;s all Banking &amp; Insurance\",\"isPartOf\":{\"@id\":\"https:\/\/itsall-banking-insurance.com\/#website\"},\"primaryImageOfPage\":{\"@id\":\"https:\/\/itsall-banking-insurance.com\/index.php\/intervista-sala-state-street\/#primaryimage\"},\"image\":{\"@id\":\"https:\/\/itsall-banking-insurance.com\/index.php\/intervista-sala-state-street\/#primaryimage\"},\"thumbnailUrl\":\"http:\/\/itsall-banking-insurance.com\/wp-content\/uploads\/2021\/06\/Pasquale-Sala-State-Street_2.jpg\",\"datePublished\":\"2021-06-09T12:27:23+00:00\",\"dateModified\":\"2022-03-08T10:16:18+00:00\",\"breadcrumb\":{\"@id\":\"https:\/\/itsall-banking-insurance.com\/index.php\/intervista-sala-state-street\/#breadcrumb\"},\"inLanguage\":\"it-IT\",\"potentialAction\":[{\"@type\":\"ReadAction\",\"target\":[\"https:\/\/itsall-banking-insurance.com\/index.php\/intervista-sala-state-street\/\"]}]},{\"@type\":\"ImageObject\",\"inLanguage\":\"it-IT\",\"@id\":\"https:\/\/itsall-banking-insurance.com\/index.php\/intervista-sala-state-street\/#primaryimage\",\"url\":\"http:\/\/itsall-banking-insurance.com\/wp-content\/uploads\/2021\/06\/Pasquale-Sala-State-Street_2.jpg\",\"contentUrl\":\"http:\/\/itsall-banking-insurance.com\/wp-content\/uploads\/2021\/06\/Pasquale-Sala-State-Street_2.jpg\"},{\"@type\":\"BreadcrumbList\",\"@id\":\"https:\/\/itsall-banking-insurance.com\/index.php\/intervista-sala-state-street\/#breadcrumb\",\"itemListElement\":[{\"@type\":\"ListItem\",\"position\":1,\"name\":\"Home\",\"item\":\"https:\/\/itsall-banking-insurance.com\/\"},{\"@type\":\"ListItem\",\"position\":2,\"name\":\"zintervista Sala STATE STREET\"}]},{\"@type\":\"WebSite\",\"@id\":\"https:\/\/itsall-banking-insurance.com\/#website\",\"url\":\"https:\/\/itsall-banking-insurance.com\/\",\"name\":\"It&#039;s all Banking &amp; Insurance\",\"description\":\"BANCHE e ASSICURAZIONI a confronto\",\"potentialAction\":[{\"@type\":\"SearchAction\",\"target\":{\"@type\":\"EntryPoint\",\"urlTemplate\":\"https:\/\/itsall-banking-insurance.com\/?s={search_term_string}\"},\"query-input\":\"required name=search_term_string\"}],\"inLanguage\":\"it-IT\"}]}<\/script>\n<!-- \/ Yoast SEO plugin. -->","yoast_head_json":{"title":"zintervista Sala STATE STREET - It&#039;s all Banking &amp; Insurance","robots":{"index":"index","follow":"follow","max-snippet":"max-snippet:-1","max-image-preview":"max-image-preview:large","max-video-preview":"max-video-preview:-1"},"canonical":"https:\/\/itsall-banking-insurance.com\/index.php\/intervista-sala-state-street\/","og_locale":"it_IT","og_type":"article","og_title":"zintervista Sala STATE STREET - It&#039;s all Banking &amp; Insurance","og_description":"&nbsp; Intervista Pasquale Sala\u00a0Senior Relationship Manager for Asset Owners ad Insurance\u00a0STATE STREET &nbsp; &nbsp; &nbsp; Come usufruire delle potenzialit\u00e0 dei dati e della loro integrazione per raggiungere gli obbiettivi di business? Assistiamo ormai da diversi anni ad una ricerca da parte delle Istituzioni Finanziarie ed in particolare dalle Imprese di Assicurazione di efficienza operativa unita [&hellip;]","og_url":"https:\/\/itsall-banking-insurance.com\/index.php\/intervista-sala-state-street\/","og_site_name":"It&#039;s all Banking &amp; Insurance","article_modified_time":"2022-03-08T10:16:18+00:00","og_image":[{"url":"http:\/\/itsall-banking-insurance.com\/wp-content\/uploads\/2021\/06\/Pasquale-Sala-State-Street_2.jpg"}],"twitter_card":"summary_large_image","twitter_misc":{"Tempo di lettura stimato":"2 minuti"},"schema":{"@context":"https:\/\/schema.org","@graph":[{"@type":"WebPage","@id":"https:\/\/itsall-banking-insurance.com\/index.php\/intervista-sala-state-street\/","url":"https:\/\/itsall-banking-insurance.com\/index.php\/intervista-sala-state-street\/","name":"zintervista Sala STATE STREET - It&#039;s all Banking &amp; Insurance","isPartOf":{"@id":"https:\/\/itsall-banking-insurance.com\/#website"},"primaryImageOfPage":{"@id":"https:\/\/itsall-banking-insurance.com\/index.php\/intervista-sala-state-street\/#primaryimage"},"image":{"@id":"https:\/\/itsall-banking-insurance.com\/index.php\/intervista-sala-state-street\/#primaryimage"},"thumbnailUrl":"http:\/\/itsall-banking-insurance.com\/wp-content\/uploads\/2021\/06\/Pasquale-Sala-State-Street_2.jpg","datePublished":"2021-06-09T12:27:23+00:00","dateModified":"2022-03-08T10:16:18+00:00","breadcrumb":{"@id":"https:\/\/itsall-banking-insurance.com\/index.php\/intervista-sala-state-street\/#breadcrumb"},"inLanguage":"it-IT","potentialAction":[{"@type":"ReadAction","target":["https:\/\/itsall-banking-insurance.com\/index.php\/intervista-sala-state-street\/"]}]},{"@type":"ImageObject","inLanguage":"it-IT","@id":"https:\/\/itsall-banking-insurance.com\/index.php\/intervista-sala-state-street\/#primaryimage","url":"http:\/\/itsall-banking-insurance.com\/wp-content\/uploads\/2021\/06\/Pasquale-Sala-State-Street_2.jpg","contentUrl":"http:\/\/itsall-banking-insurance.com\/wp-content\/uploads\/2021\/06\/Pasquale-Sala-State-Street_2.jpg"},{"@type":"BreadcrumbList","@id":"https:\/\/itsall-banking-insurance.com\/index.php\/intervista-sala-state-street\/#breadcrumb","itemListElement":[{"@type":"ListItem","position":1,"name":"Home","item":"https:\/\/itsall-banking-insurance.com\/"},{"@type":"ListItem","position":2,"name":"zintervista Sala STATE STREET"}]},{"@type":"WebSite","@id":"https:\/\/itsall-banking-insurance.com\/#website","url":"https:\/\/itsall-banking-insurance.com\/","name":"It&#039;s all Banking &amp; Insurance","description":"BANCHE e ASSICURAZIONI a confronto","potentialAction":[{"@type":"SearchAction","target":{"@type":"EntryPoint","urlTemplate":"https:\/\/itsall-banking-insurance.com\/?s={search_term_string}"},"query-input":"required name=search_term_string"}],"inLanguage":"it-IT"}]}},"_links":{"self":[{"href":"https:\/\/itsall-banking-insurance.com\/index.php\/wp-json\/wp\/v2\/pages\/4897"}],"collection":[{"href":"https:\/\/itsall-banking-insurance.com\/index.php\/wp-json\/wp\/v2\/pages"}],"about":[{"href":"https:\/\/itsall-banking-insurance.com\/index.php\/wp-json\/wp\/v2\/types\/page"}],"author":[{"embeddable":true,"href":"https:\/\/itsall-banking-insurance.com\/index.php\/wp-json\/wp\/v2\/users\/2"}],"replies":[{"embeddable":true,"href":"https:\/\/itsall-banking-insurance.com\/index.php\/wp-json\/wp\/v2\/comments?post=4897"}],"version-history":[{"count":3,"href":"https:\/\/itsall-banking-insurance.com\/index.php\/wp-json\/wp\/v2\/pages\/4897\/revisions"}],"predecessor-version":[{"id":5514,"href":"https:\/\/itsall-banking-insurance.com\/index.php\/wp-json\/wp\/v2\/pages\/4897\/revisions\/5514"}],"wp:attachment":[{"href":"https:\/\/itsall-banking-insurance.com\/index.php\/wp-json\/wp\/v2\/media?parent=4897"}],"curies":[{"name":"wp","href":"https:\/\/api.w.org\/{rel}","templated":true}]}}