{"id":5120,"date":"2021-11-05T16:06:03","date_gmt":"2021-11-05T15:06:03","guid":{"rendered":"http:\/\/itsall-banking-insurance.com\/?page_id=5120"},"modified":"2022-03-08T11:15:24","modified_gmt":"2022-03-08T10:15:24","slug":"intervista-bongiovanni-state-street","status":"publish","type":"page","link":"https:\/\/itsall-banking-insurance.com\/index.php\/intervista-bongiovanni-state-street\/","title":{"rendered":"zintervista Bongiovanni\u00a0STATE STREET"},"content":{"rendered":"<p><img loading=\"lazy\" decoding=\"async\" class=\"size-full wp-image-4992 alignleft\" src=\"http:\/\/itsall-banking-insurance.com\/wp-content\/uploads\/2019\/12\/BONGIOVANNI-CHRISTIAN-STATE-STREET-BANK.jpg\" alt=\"\" width=\"200\" height=\"200\" srcset=\"https:\/\/itsall-banking-insurance.com\/wp-content\/uploads\/2019\/12\/BONGIOVANNI-CHRISTIAN-STATE-STREET-BANK.jpg 200w, https:\/\/itsall-banking-insurance.com\/wp-content\/uploads\/2019\/12\/BONGIOVANNI-CHRISTIAN-STATE-STREET-BANK-150x150.jpg 150w\" sizes=\"(max-width: 200px) 100vw, 200px\" \/><\/p>\n<h1><\/h1>\n<p>&nbsp;<\/p>\n<h1><span style=\"color: #800000;\">Intervista<\/span><\/h1>\n<p><strong>Christian Bongiovanni<\/strong> Regional Segment Head for Insurance EMEA <strong>STATE STREET BANK<\/strong><\/p>\n<p>&nbsp;<\/p>\n<p>&nbsp;<\/p>\n<p>&nbsp;<\/p>\n<h2><span style=\"color: #800000;\"><strong>Quali sono le prospettive sulle assicurazioni nel breve medio periodo a fronte di tassi d\u2019interesse bassi e prolungati, della pressione normativa e delle pressanti minacce a livello informatico?<\/strong><\/span><\/h2>\n<p>I bassi tassi di interesse persistono e le compagnie assicurative cercano di aumentare rendimenti espandendo l\u2019operativit\u00e0 in nuove asset class. Questa ha anche creato nuove sfide: si devono ripensare i modelli operativi, ridurre le spese e avere la capacit\u00e0 di gestire investimenti alternativi. Secondo il recente Insurance Outlook di State Street i bassi tassi di interesse si collocano al terzo posto tra le principali minacce per la crescita percepite dagli assicuratori a livello globale.<\/p>\n<p>Tuttavia nel 2021 il COVID-19 \u00e8 stato percepito dal 49% dei partecipanti allo studio come il principale elemento di rischio capace di innescare una nuova ondata di pressioni normative e fiscali imposte sul settore.<\/p>\n<p>Di conseguenza le azioni adottate immediatamente in risposta alla crisi potrebbero aver influenzato la pianificazione e le operazioni a lungo termine. Questo porta con s\u00e9 ulteriori fattori di rischio, legati al maggiore ricorso al lavoro remoto e online. Per citare un altro dato dello studio, le compagnie assicurative nordamericane affermano che la sicurezza informatica \u00e8 probabilmente destinata a diventare una priorit\u00e0 in modo pi\u00f9 netto rispetto agli anni pre-pandemici.<\/p>\n<p><strong>\u00a0<\/strong><\/p>\n<h2><span style=\"color: #800000;\"><strong>Nel contesto attuale, vede una propensione al consolidamento tramite fusioni e acquisizioni ed esternalizzazione?<\/strong><\/span><\/h2>\n<p>La priorit\u00e0 di crescita degli assicuratori risiede all\u2019interno dei loro mercati esistenti e non sorprende che il consolidamento sia un obiettivo primario per le compagnie assicurative specialmente attraverso fusioni e acquisizioni (M&amp;A). Secondo il nostro studio, quasi la met\u00e0 degli assicuratori a livello globale prevede che la propria azienda intraprender\u00e0 fusioni e acquisizioni nei prossimi 12 mesi. Confrontando le risposte dei partecipanti appare chiaro che gli assicuratori APAC percepiscono questa priorit\u00e0 in modo maggiore degli altri: quasi 6 su 10 player nella regione prevedono che ci\u00f2 si verifichi nei prossimi mesi.<\/p>\n<p>Un\u2019altra importante conseguenza degli eventi recenti sul settore assicurativo \u00e8 il modo in cui le societ\u00e0 gestiscono i rapporti con i fornitori. Il nostro studio rileva che in Americhe e nella regione APAC vi \u00e8 una maggiore enfasi sul consolidamento dei partner di outsourcing in pochi partner strategici. Per l\u2019Europa invece gli assicuratori intervistati prevedono un aumento dell\u2019esternalizzazione gi\u00e0 a partire da quest\u2019anno. Il Regno Unito e i Paesi Bassi sono in prima linea per questo trend.<\/p>\n<p>Per concludere, gli assicuratori intervistati hanno identificato 3 fattori chiave nello scegliere i partner per l\u2019outsourcing: la resilienza, la dimensione aziendale e la solidit\u00e0 finanziaria. Le esperienze dell\u2019anno scorso hanno infatti reso evidente l\u2019importanza di sapere operare efficacemente durante una crisi e offrire di pi\u00f9 con meno risorse. Il ruolo di un partner strategico in grado di garantire scalabilit\u00e0, sicurezza e tecnologia in un contesto volatile diventa dunque fondamentale per soddisfare le molteplici esigenze di uno scenario assicurativo in evoluzione.<\/p>\n<p>&nbsp;<\/p>\n","protected":false},"excerpt":{"rendered":"<p>&nbsp; Intervista Christian Bongiovanni Regional Segment Head for Insurance EMEA STATE STREET BANK &nbsp; &nbsp; &nbsp; Quali sono le prospettive sulle assicurazioni nel breve medio periodo a fronte di tassi d\u2019interesse bassi e prolungati, della pressione normativa e delle pressanti minacce a livello informatico? I bassi tassi di interesse persistono e le compagnie assicurative cercano [&hellip;]<\/p>\n","protected":false},"author":2,"featured_media":0,"parent":0,"menu_order":0,"comment_status":"closed","ping_status":"closed","template":"","meta":{"footnotes":""},"yoast_head":"<!-- This site is optimized with the Yoast SEO plugin v22.9 - https:\/\/yoast.com\/wordpress\/plugins\/seo\/ -->\n<title>zintervista Bongiovanni\u00a0STATE STREET - It&#039;s all Banking &amp; Insurance<\/title>\n<meta name=\"robots\" content=\"index, follow, max-snippet:-1, max-image-preview:large, max-video-preview:-1\" \/>\n<link rel=\"canonical\" href=\"https:\/\/itsall-banking-insurance.com\/index.php\/intervista-bongiovanni-state-street\/\" \/>\n<meta property=\"og:locale\" content=\"it_IT\" \/>\n<meta property=\"og:type\" content=\"article\" \/>\n<meta property=\"og:title\" content=\"zintervista Bongiovanni\u00a0STATE STREET - It&#039;s all Banking &amp; Insurance\" \/>\n<meta property=\"og:description\" content=\"&nbsp; Intervista Christian Bongiovanni Regional Segment Head for Insurance EMEA STATE STREET BANK &nbsp; &nbsp; &nbsp; Quali sono le prospettive sulle assicurazioni nel breve medio periodo a fronte di tassi d\u2019interesse bassi e prolungati, della pressione normativa e delle pressanti minacce a livello informatico? I bassi tassi di interesse persistono e le compagnie assicurative cercano [&hellip;]\" \/>\n<meta property=\"og:url\" content=\"https:\/\/itsall-banking-insurance.com\/index.php\/intervista-bongiovanni-state-street\/\" \/>\n<meta property=\"og:site_name\" content=\"It&#039;s all Banking &amp; Insurance\" \/>\n<meta property=\"article:modified_time\" content=\"2022-03-08T10:15:24+00:00\" \/>\n<meta property=\"og:image\" content=\"http:\/\/itsall-banking-insurance.com\/wp-content\/uploads\/2019\/12\/BONGIOVANNI-CHRISTIAN-STATE-STREET-BANK.jpg\" \/>\n<meta name=\"twitter:card\" content=\"summary_large_image\" \/>\n<meta name=\"twitter:label1\" content=\"Tempo di lettura stimato\" \/>\n\t<meta name=\"twitter:data1\" content=\"2 minuti\" \/>\n<script type=\"application\/ld+json\" class=\"yoast-schema-graph\">{\"@context\":\"https:\/\/schema.org\",\"@graph\":[{\"@type\":\"WebPage\",\"@id\":\"https:\/\/itsall-banking-insurance.com\/index.php\/intervista-bongiovanni-state-street\/\",\"url\":\"https:\/\/itsall-banking-insurance.com\/index.php\/intervista-bongiovanni-state-street\/\",\"name\":\"zintervista Bongiovanni\u00a0STATE STREET - It&#039;s all Banking &amp; Insurance\",\"isPartOf\":{\"@id\":\"https:\/\/itsall-banking-insurance.com\/#website\"},\"primaryImageOfPage\":{\"@id\":\"https:\/\/itsall-banking-insurance.com\/index.php\/intervista-bongiovanni-state-street\/#primaryimage\"},\"image\":{\"@id\":\"https:\/\/itsall-banking-insurance.com\/index.php\/intervista-bongiovanni-state-street\/#primaryimage\"},\"thumbnailUrl\":\"http:\/\/itsall-banking-insurance.com\/wp-content\/uploads\/2019\/12\/BONGIOVANNI-CHRISTIAN-STATE-STREET-BANK.jpg\",\"datePublished\":\"2021-11-05T15:06:03+00:00\",\"dateModified\":\"2022-03-08T10:15:24+00:00\",\"breadcrumb\":{\"@id\":\"https:\/\/itsall-banking-insurance.com\/index.php\/intervista-bongiovanni-state-street\/#breadcrumb\"},\"inLanguage\":\"it-IT\",\"potentialAction\":[{\"@type\":\"ReadAction\",\"target\":[\"https:\/\/itsall-banking-insurance.com\/index.php\/intervista-bongiovanni-state-street\/\"]}]},{\"@type\":\"ImageObject\",\"inLanguage\":\"it-IT\",\"@id\":\"https:\/\/itsall-banking-insurance.com\/index.php\/intervista-bongiovanni-state-street\/#primaryimage\",\"url\":\"http:\/\/itsall-banking-insurance.com\/wp-content\/uploads\/2019\/12\/BONGIOVANNI-CHRISTIAN-STATE-STREET-BANK.jpg\",\"contentUrl\":\"http:\/\/itsall-banking-insurance.com\/wp-content\/uploads\/2019\/12\/BONGIOVANNI-CHRISTIAN-STATE-STREET-BANK.jpg\"},{\"@type\":\"BreadcrumbList\",\"@id\":\"https:\/\/itsall-banking-insurance.com\/index.php\/intervista-bongiovanni-state-street\/#breadcrumb\",\"itemListElement\":[{\"@type\":\"ListItem\",\"position\":1,\"name\":\"Home\",\"item\":\"https:\/\/itsall-banking-insurance.com\/\"},{\"@type\":\"ListItem\",\"position\":2,\"name\":\"zintervista Bongiovanni\u00a0STATE STREET\"}]},{\"@type\":\"WebSite\",\"@id\":\"https:\/\/itsall-banking-insurance.com\/#website\",\"url\":\"https:\/\/itsall-banking-insurance.com\/\",\"name\":\"It&#039;s all Banking &amp; Insurance\",\"description\":\"BANCHE e ASSICURAZIONI a confronto\",\"potentialAction\":[{\"@type\":\"SearchAction\",\"target\":{\"@type\":\"EntryPoint\",\"urlTemplate\":\"https:\/\/itsall-banking-insurance.com\/?s={search_term_string}\"},\"query-input\":\"required name=search_term_string\"}],\"inLanguage\":\"it-IT\"}]}<\/script>\n<!-- \/ Yoast SEO plugin. -->","yoast_head_json":{"title":"zintervista Bongiovanni\u00a0STATE STREET - It&#039;s all Banking &amp; Insurance","robots":{"index":"index","follow":"follow","max-snippet":"max-snippet:-1","max-image-preview":"max-image-preview:large","max-video-preview":"max-video-preview:-1"},"canonical":"https:\/\/itsall-banking-insurance.com\/index.php\/intervista-bongiovanni-state-street\/","og_locale":"it_IT","og_type":"article","og_title":"zintervista Bongiovanni\u00a0STATE STREET - It&#039;s all Banking &amp; Insurance","og_description":"&nbsp; Intervista Christian Bongiovanni Regional Segment Head for Insurance EMEA STATE STREET BANK &nbsp; &nbsp; &nbsp; Quali sono le prospettive sulle assicurazioni nel breve medio periodo a fronte di tassi d\u2019interesse bassi e prolungati, della pressione normativa e delle pressanti minacce a livello informatico? I bassi tassi di interesse persistono e le compagnie assicurative cercano [&hellip;]","og_url":"https:\/\/itsall-banking-insurance.com\/index.php\/intervista-bongiovanni-state-street\/","og_site_name":"It&#039;s all Banking &amp; Insurance","article_modified_time":"2022-03-08T10:15:24+00:00","og_image":[{"url":"http:\/\/itsall-banking-insurance.com\/wp-content\/uploads\/2019\/12\/BONGIOVANNI-CHRISTIAN-STATE-STREET-BANK.jpg"}],"twitter_card":"summary_large_image","twitter_misc":{"Tempo di lettura stimato":"2 minuti"},"schema":{"@context":"https:\/\/schema.org","@graph":[{"@type":"WebPage","@id":"https:\/\/itsall-banking-insurance.com\/index.php\/intervista-bongiovanni-state-street\/","url":"https:\/\/itsall-banking-insurance.com\/index.php\/intervista-bongiovanni-state-street\/","name":"zintervista Bongiovanni\u00a0STATE STREET - It&#039;s all Banking &amp; Insurance","isPartOf":{"@id":"https:\/\/itsall-banking-insurance.com\/#website"},"primaryImageOfPage":{"@id":"https:\/\/itsall-banking-insurance.com\/index.php\/intervista-bongiovanni-state-street\/#primaryimage"},"image":{"@id":"https:\/\/itsall-banking-insurance.com\/index.php\/intervista-bongiovanni-state-street\/#primaryimage"},"thumbnailUrl":"http:\/\/itsall-banking-insurance.com\/wp-content\/uploads\/2019\/12\/BONGIOVANNI-CHRISTIAN-STATE-STREET-BANK.jpg","datePublished":"2021-11-05T15:06:03+00:00","dateModified":"2022-03-08T10:15:24+00:00","breadcrumb":{"@id":"https:\/\/itsall-banking-insurance.com\/index.php\/intervista-bongiovanni-state-street\/#breadcrumb"},"inLanguage":"it-IT","potentialAction":[{"@type":"ReadAction","target":["https:\/\/itsall-banking-insurance.com\/index.php\/intervista-bongiovanni-state-street\/"]}]},{"@type":"ImageObject","inLanguage":"it-IT","@id":"https:\/\/itsall-banking-insurance.com\/index.php\/intervista-bongiovanni-state-street\/#primaryimage","url":"http:\/\/itsall-banking-insurance.com\/wp-content\/uploads\/2019\/12\/BONGIOVANNI-CHRISTIAN-STATE-STREET-BANK.jpg","contentUrl":"http:\/\/itsall-banking-insurance.com\/wp-content\/uploads\/2019\/12\/BONGIOVANNI-CHRISTIAN-STATE-STREET-BANK.jpg"},{"@type":"BreadcrumbList","@id":"https:\/\/itsall-banking-insurance.com\/index.php\/intervista-bongiovanni-state-street\/#breadcrumb","itemListElement":[{"@type":"ListItem","position":1,"name":"Home","item":"https:\/\/itsall-banking-insurance.com\/"},{"@type":"ListItem","position":2,"name":"zintervista Bongiovanni\u00a0STATE STREET"}]},{"@type":"WebSite","@id":"https:\/\/itsall-banking-insurance.com\/#website","url":"https:\/\/itsall-banking-insurance.com\/","name":"It&#039;s all Banking &amp; Insurance","description":"BANCHE e ASSICURAZIONI a confronto","potentialAction":[{"@type":"SearchAction","target":{"@type":"EntryPoint","urlTemplate":"https:\/\/itsall-banking-insurance.com\/?s={search_term_string}"},"query-input":"required name=search_term_string"}],"inLanguage":"it-IT"}]}},"_links":{"self":[{"href":"https:\/\/itsall-banking-insurance.com\/index.php\/wp-json\/wp\/v2\/pages\/5120"}],"collection":[{"href":"https:\/\/itsall-banking-insurance.com\/index.php\/wp-json\/wp\/v2\/pages"}],"about":[{"href":"https:\/\/itsall-banking-insurance.com\/index.php\/wp-json\/wp\/v2\/types\/page"}],"author":[{"embeddable":true,"href":"https:\/\/itsall-banking-insurance.com\/index.php\/wp-json\/wp\/v2\/users\/2"}],"replies":[{"embeddable":true,"href":"https:\/\/itsall-banking-insurance.com\/index.php\/wp-json\/wp\/v2\/comments?post=5120"}],"version-history":[{"count":5,"href":"https:\/\/itsall-banking-insurance.com\/index.php\/wp-json\/wp\/v2\/pages\/5120\/revisions"}],"predecessor-version":[{"id":5509,"href":"https:\/\/itsall-banking-insurance.com\/index.php\/wp-json\/wp\/v2\/pages\/5120\/revisions\/5509"}],"wp:attachment":[{"href":"https:\/\/itsall-banking-insurance.com\/index.php\/wp-json\/wp\/v2\/media?parent=5120"}],"curies":[{"name":"wp","href":"https:\/\/api.w.org\/{rel}","templated":true}]}}