{"id":6278,"date":"2023-04-18T18:51:07","date_gmt":"2023-04-18T16:51:07","guid":{"rendered":"http:\/\/itsall-banking-insurance.com\/?page_id=6278"},"modified":"2023-04-18T18:51:07","modified_gmt":"2023-04-18T16:51:07","slug":"intervista-zani-gitlab","status":"publish","type":"page","link":"https:\/\/itsall-banking-insurance.com\/index.php\/intervista-zani-gitlab\/","title":{"rendered":"Intervista"},"content":{"rendered":"<p>[vc_row css=&#8221;.vc_custom_1681490819972{padding-top: 20px !important;}&#8221;][vc_column width=&#8221;5\/6&#8243;][vc_single_image image=&#8221;6134&#8243; img_size=&#8221;full&#8221; style=&#8221;vc_box_border_circle_2&#8243;][vc_column_text]<strong>Marco Zani <\/strong>Country Manager Italy<strong> GitLab<\/strong>[\/vc_column_text][\/vc_column][vc_column width=&#8221;1\/6&#8243;][vc_single_image image=&#8221;6261&#8243;][\/vc_column][\/vc_row][vc_row][vc_column][vc_column_text]<\/p>\n<h2><span style=\"color: #333333;\"><strong>Che cos&#8217;\u00e8 una piattaforma DevSecOps e in che modo accelera la trasformazione digitale?<\/strong><\/span><\/h2>\n<p>La trasformazione digitale riguarda la creazione di nuove opportunit\u00e0 per la tua azienda per guidare l&#8217;innovazione e l&#8217;efficienza, migliorare il modo in cui lavorano i tuoi team e superare la concorrenza, il tutto con l&#8217;obiettivo di offrire esperienze cliente nuove e migliori.<\/p>\n<p>Ogni settore sta subendo una trasformazione. Indipendentemente dal tuo settore, la tecnologia deve essere al centro della tua offerta poich\u00e9 la concorrenza proviene da fonti inaspettate: la pi\u00f9 grande compagnia di taxi del mondo non possiede automobili; il pi\u00f9 grande fornitore di alloggi al mondo non possiede propriet\u00e0; e la rete di contenuti pi\u00f9 grande del mondo non possiede alcun contenuto.<\/p>\n<p>La trasformazione digitale non \u00e8 pi\u00f9 solo auspicabile, \u00e8 una necessit\u00e0. Una piattaforma DevSecOps pu\u00f2 aiutare le organizzazioni a realizzare la trasformazione digitale semplificando la toolchain e le integrazioni di delivery del software e, cosa pi\u00f9 importante, aiutando i team a tornare a ci\u00f2 che sanno fare meglio: fornire un ottimo software.<\/p>\n<p>Una piattaforma DevSecOps completa supporta le organizzazioni durante l&#8217;intero ciclo di vita della delivery del software, dall&#8217;idea alla produzione. Invece di organizzare il lavoro e gli strumenti in una sequenza di fasi e passaggi di consegne, che creano silos e problemi di integrazione, un&#8217;unica piattaforma consente la collaborazione all&#8217;interno dell&#8217;organizzazione, offrendo visibilit\u00e0 sul flusso di lavoro, sui processi, sulla sicurezza e sulla conformit\u00e0 in tutto il ciclo di vita di DevSecOps.<\/p>\n<p>Dall&#8217;idea alla produzione, una piattaforma DevSecOps aiuta i team a ridurre i tempi di sviluppo da settimane a minuti, a ridurre i costi di sviluppo, a velocizzare il time-to-market e fornire applicazioni pi\u00f9 sicure e conformi. La visibilit\u00e0 end-to-end e il consolidamento delle informazioni eliminano la necessit\u00e0 di strumenti disparati e possono promuovere una solida adozione del DevSecOps, una migliore collaborazione, un&#8217;automazione pi\u00f9 semplice e una visibilit\u00e0\/tracciabilit\u00e0 pi\u00f9 completa.<\/p>\n<p>&nbsp;<\/p>\n<h2><span style=\"color: #333333;\"><strong>In che modo la gestione del Value Stream Management pu\u00f2 consentire pratiche DevSecOps migliori?<\/strong><\/span><\/h2>\n<p>Dato l&#8217;attuale clima economico e le sfide che dirigenti e leader devono affrontare per dimostrare la crescita della trasformazione digitale verso i propri clienti investitori e altre parti interessate, le organizzazioni dovranno adottare il Value Stream Management<\/p>\n<p>I Value Streams, il processo dall&#8217;ideazione alla delivery del software, dovrebbero essere l&#8217;epicentro per comprendere i progressi, i blocchi, le tempistiche e i costi associati ai progetti di sviluppo delle organizzazioni. Senza questa intuizione, innovare mantenendo efficienza nei costi \u00e8 praticamente impossibile.<\/p>\n<p>Se non tutti hanno accesso agli stessi dati in tempo reale \u00e8 inoltre difficile supportare adeguatamente gli sviluppatori attraverso un processo decisionale rapido e informato<\/p>\n<p>Una dashboard di Value Stream offre agli stakeholder una visione d&#8217;insieme delle metriche di delivery del software dei loro team (come le metriche DORA e le metriche di flusso) per un miglioramento continuo. I team di DevSecOps possono identificare e correggere inefficienze e colli di bottiglia nei loro flussi di lavoro di delivery del software e possono migliorare la produttivit\u00e0 e la stabilit\u00e0 complessive del loro ambiente di sviluppo.<\/p>\n<p>Una dashboard pu\u00f2 facilitare l&#8217;esperienza degli sviluppatori nella software delivery fornendo metriche che permettono di migliorare la produttivit\u00e0, efficienza, scalabilit\u00e0 e prestazioni.<\/p>\n<p>Ci\u00f2 pu\u00f2 aiutare a mantenere viva la creativit\u00e0 degli sviluppatori in modo che abbiano pi\u00f9 tempo per sviluppare soluzioni innovative, consentendo al contempo ai leader IT di sbloccare meglio i risultati della trasformazione.<\/p>\n<p>Utilizzando una Value Stream dashboard, tutte le parti interessate hanno visibilit\u00e0 sui progressi, sulle metriche di delivery e sul valore associato allo sviluppo e alla delivery del software. Con le informazioni che arrivano in anticipo e in tempo reale, i team possono collaborare e gestire in modo proattivo eventuali ostacoli nel ciclo di vita dello sviluppo software.<\/p>\n<p>[\/vc_column_text][\/vc_column][\/vc_row]<\/p>\n","protected":false},"excerpt":{"rendered":"<p>[vc_row css=&#8221;.vc_custom_1681490819972{padding-top: 20px !important;}&#8221;][vc_column width=&#8221;5\/6&#8243;][vc_single_image image=&#8221;6134&#8243; img_size=&#8221;full&#8221; style=&#8221;vc_box_border_circle_2&#8243;][vc_column_text]Marco Zani Country Manager Italy GitLab[\/vc_column_text][\/vc_column][vc_column width=&#8221;1\/6&#8243;][vc_single_image image=&#8221;6261&#8243;][\/vc_column][\/vc_row][vc_row][vc_column][vc_column_text] Che cos&#8217;\u00e8 una piattaforma DevSecOps e in che modo accelera la trasformazione digitale? La trasformazione digitale riguarda la creazione di nuove opportunit\u00e0 per la tua azienda per guidare l&#8217;innovazione e l&#8217;efficienza, migliorare il modo in cui lavorano i tuoi team [&hellip;]<\/p>\n","protected":false},"author":2,"featured_media":0,"parent":0,"menu_order":0,"comment_status":"closed","ping_status":"closed","template":"","meta":{"footnotes":""},"yoast_head":"<!-- This site is optimized with the Yoast SEO plugin v22.9 - https:\/\/yoast.com\/wordpress\/plugins\/seo\/ -->\n<title>Intervista - It&#039;s all Banking &amp; Insurance<\/title>\n<meta name=\"robots\" content=\"index, follow, max-snippet:-1, max-image-preview:large, max-video-preview:-1\" \/>\n<link rel=\"canonical\" href=\"https:\/\/itsall-banking-insurance.com\/index.php\/intervista-zani-gitlab\/\" \/>\n<meta property=\"og:locale\" content=\"it_IT\" \/>\n<meta property=\"og:type\" content=\"article\" \/>\n<meta property=\"og:title\" content=\"Intervista - It&#039;s all Banking &amp; Insurance\" \/>\n<meta property=\"og:description\" content=\"[vc_row css=&#8221;.vc_custom_1681490819972{padding-top: 20px !important;}&#8221;][vc_column width=&#8221;5\/6&#8243;][vc_single_image image=&#8221;6134&#8243; img_size=&#8221;full&#8221; style=&#8221;vc_box_border_circle_2&#8243;][vc_column_text]Marco Zani Country Manager Italy GitLab[\/vc_column_text][\/vc_column][vc_column width=&#8221;1\/6&#8243;][vc_single_image image=&#8221;6261&#8243;][\/vc_column][\/vc_row][vc_row][vc_column][vc_column_text] Che cos&#8217;\u00e8 una piattaforma DevSecOps e in che modo accelera la trasformazione digitale? La trasformazione digitale riguarda la creazione di nuove opportunit\u00e0 per la tua azienda per guidare l&#8217;innovazione e l&#8217;efficienza, migliorare il modo in cui lavorano i tuoi team [&hellip;]\" \/>\n<meta property=\"og:url\" content=\"https:\/\/itsall-banking-insurance.com\/index.php\/intervista-zani-gitlab\/\" \/>\n<meta property=\"og:site_name\" content=\"It&#039;s all Banking &amp; Insurance\" \/>\n<meta name=\"twitter:card\" content=\"summary_large_image\" \/>\n<meta name=\"twitter:label1\" content=\"Tempo di lettura stimato\" \/>\n\t<meta name=\"twitter:data1\" content=\"3 minuti\" \/>\n<script type=\"application\/ld+json\" class=\"yoast-schema-graph\">{\"@context\":\"https:\/\/schema.org\",\"@graph\":[{\"@type\":\"WebPage\",\"@id\":\"https:\/\/itsall-banking-insurance.com\/index.php\/intervista-zani-gitlab\/\",\"url\":\"https:\/\/itsall-banking-insurance.com\/index.php\/intervista-zani-gitlab\/\",\"name\":\"Intervista - It&#039;s all Banking &amp; Insurance\",\"isPartOf\":{\"@id\":\"https:\/\/itsall-banking-insurance.com\/#website\"},\"datePublished\":\"2023-04-18T16:51:07+00:00\",\"dateModified\":\"2023-04-18T16:51:07+00:00\",\"breadcrumb\":{\"@id\":\"https:\/\/itsall-banking-insurance.com\/index.php\/intervista-zani-gitlab\/#breadcrumb\"},\"inLanguage\":\"it-IT\",\"potentialAction\":[{\"@type\":\"ReadAction\",\"target\":[\"https:\/\/itsall-banking-insurance.com\/index.php\/intervista-zani-gitlab\/\"]}]},{\"@type\":\"BreadcrumbList\",\"@id\":\"https:\/\/itsall-banking-insurance.com\/index.php\/intervista-zani-gitlab\/#breadcrumb\",\"itemListElement\":[{\"@type\":\"ListItem\",\"position\":1,\"name\":\"Home\",\"item\":\"https:\/\/itsall-banking-insurance.com\/\"},{\"@type\":\"ListItem\",\"position\":2,\"name\":\"Intervista\"}]},{\"@type\":\"WebSite\",\"@id\":\"https:\/\/itsall-banking-insurance.com\/#website\",\"url\":\"https:\/\/itsall-banking-insurance.com\/\",\"name\":\"It&#039;s all Banking &amp; Insurance\",\"description\":\"BANCHE e ASSICURAZIONI a confronto\",\"potentialAction\":[{\"@type\":\"SearchAction\",\"target\":{\"@type\":\"EntryPoint\",\"urlTemplate\":\"https:\/\/itsall-banking-insurance.com\/?s={search_term_string}\"},\"query-input\":\"required name=search_term_string\"}],\"inLanguage\":\"it-IT\"}]}<\/script>\n<!-- \/ Yoast SEO plugin. -->","yoast_head_json":{"title":"Intervista - It&#039;s all Banking &amp; Insurance","robots":{"index":"index","follow":"follow","max-snippet":"max-snippet:-1","max-image-preview":"max-image-preview:large","max-video-preview":"max-video-preview:-1"},"canonical":"https:\/\/itsall-banking-insurance.com\/index.php\/intervista-zani-gitlab\/","og_locale":"it_IT","og_type":"article","og_title":"Intervista - It&#039;s all Banking &amp; Insurance","og_description":"[vc_row css=&#8221;.vc_custom_1681490819972{padding-top: 20px !important;}&#8221;][vc_column width=&#8221;5\/6&#8243;][vc_single_image image=&#8221;6134&#8243; img_size=&#8221;full&#8221; style=&#8221;vc_box_border_circle_2&#8243;][vc_column_text]Marco Zani Country Manager Italy GitLab[\/vc_column_text][\/vc_column][vc_column width=&#8221;1\/6&#8243;][vc_single_image image=&#8221;6261&#8243;][\/vc_column][\/vc_row][vc_row][vc_column][vc_column_text] Che cos&#8217;\u00e8 una piattaforma DevSecOps e in che modo accelera la trasformazione digitale? La trasformazione digitale riguarda la creazione di nuove opportunit\u00e0 per la tua azienda per guidare l&#8217;innovazione e l&#8217;efficienza, migliorare il modo in cui lavorano i tuoi team [&hellip;]","og_url":"https:\/\/itsall-banking-insurance.com\/index.php\/intervista-zani-gitlab\/","og_site_name":"It&#039;s all Banking &amp; Insurance","twitter_card":"summary_large_image","twitter_misc":{"Tempo di lettura stimato":"3 minuti"},"schema":{"@context":"https:\/\/schema.org","@graph":[{"@type":"WebPage","@id":"https:\/\/itsall-banking-insurance.com\/index.php\/intervista-zani-gitlab\/","url":"https:\/\/itsall-banking-insurance.com\/index.php\/intervista-zani-gitlab\/","name":"Intervista - It&#039;s all Banking &amp; Insurance","isPartOf":{"@id":"https:\/\/itsall-banking-insurance.com\/#website"},"datePublished":"2023-04-18T16:51:07+00:00","dateModified":"2023-04-18T16:51:07+00:00","breadcrumb":{"@id":"https:\/\/itsall-banking-insurance.com\/index.php\/intervista-zani-gitlab\/#breadcrumb"},"inLanguage":"it-IT","potentialAction":[{"@type":"ReadAction","target":["https:\/\/itsall-banking-insurance.com\/index.php\/intervista-zani-gitlab\/"]}]},{"@type":"BreadcrumbList","@id":"https:\/\/itsall-banking-insurance.com\/index.php\/intervista-zani-gitlab\/#breadcrumb","itemListElement":[{"@type":"ListItem","position":1,"name":"Home","item":"https:\/\/itsall-banking-insurance.com\/"},{"@type":"ListItem","position":2,"name":"Intervista"}]},{"@type":"WebSite","@id":"https:\/\/itsall-banking-insurance.com\/#website","url":"https:\/\/itsall-banking-insurance.com\/","name":"It&#039;s all Banking &amp; Insurance","description":"BANCHE e ASSICURAZIONI a confronto","potentialAction":[{"@type":"SearchAction","target":{"@type":"EntryPoint","urlTemplate":"https:\/\/itsall-banking-insurance.com\/?s={search_term_string}"},"query-input":"required name=search_term_string"}],"inLanguage":"it-IT"}]}},"_links":{"self":[{"href":"https:\/\/itsall-banking-insurance.com\/index.php\/wp-json\/wp\/v2\/pages\/6278"}],"collection":[{"href":"https:\/\/itsall-banking-insurance.com\/index.php\/wp-json\/wp\/v2\/pages"}],"about":[{"href":"https:\/\/itsall-banking-insurance.com\/index.php\/wp-json\/wp\/v2\/types\/page"}],"author":[{"embeddable":true,"href":"https:\/\/itsall-banking-insurance.com\/index.php\/wp-json\/wp\/v2\/users\/2"}],"replies":[{"embeddable":true,"href":"https:\/\/itsall-banking-insurance.com\/index.php\/wp-json\/wp\/v2\/comments?post=6278"}],"version-history":[{"count":2,"href":"https:\/\/itsall-banking-insurance.com\/index.php\/wp-json\/wp\/v2\/pages\/6278\/revisions"}],"predecessor-version":[{"id":6280,"href":"https:\/\/itsall-banking-insurance.com\/index.php\/wp-json\/wp\/v2\/pages\/6278\/revisions\/6280"}],"wp:attachment":[{"href":"https:\/\/itsall-banking-insurance.com\/index.php\/wp-json\/wp\/v2\/media?parent=6278"}],"curies":[{"name":"wp","href":"https:\/\/api.w.org\/{rel}","templated":true}]}}