{"id":6375,"date":"2023-06-06T15:33:54","date_gmt":"2023-06-06T13:33:54","guid":{"rendered":"http:\/\/itsall-banking-insurance.com\/?page_id=6375"},"modified":"2023-06-06T15:47:20","modified_gmt":"2023-06-06T13:47:20","slug":"intervista-pennarola-fastweb","status":"publish","type":"page","link":"https:\/\/itsall-banking-insurance.com\/index.php\/intervista-pennarola-fastweb\/","title":{"rendered":"Intervista"},"content":{"rendered":"<p>[vc_row css=&#8221;.vc_custom_1681490819972{padding-top: 20px !important;}&#8221;][vc_column width=&#8221;5\/6&#8243;][vc_single_image image=&#8221;6204&#8243; img_size=&#8221;full&#8221; style=&#8221;vc_box_border_circle_2&#8243;][vc_column_text]<strong>Marco Pennarola\u00a0<\/strong>Head of Marketing\u00a0<strong>FASTWEB <\/strong>[\/vc_column_text][\/vc_column][vc_column width=&#8221;1\/6&#8243;][vc_single_image image=&#8221;6261&#8243;][\/vc_column][\/vc_row][vc_row][vc_column][vc_column_text]<\/p>\n<h2><span style=\"color: #333333;\">Che supporto fornite a banche e assicurazioni per garantire loro una rete solida e sicura?<\/span><\/h2>\n<p>Il settore finanziario sta affrontando importanti cambiamenti per cogliere la sfida dell\u2019innovazione, rispondere ai bisogni emergenti dei clienti e, in particolare, delle nuove generazioni. L\u2019evoluzione degli attacchi osservata negli ultimi anni ha evidenziato un costante incremento di complessit\u00e0 e incertezza, con un forte impatto sulla possibilit\u00e0 di offrire un\u2019esperienza digitale semplice e sicura e la necessit\u00e0 di accedere a competenze specifiche.<br \/>\nSecondo l\u2019ultimo Rapporto Clusit \u2013 cui ha contribuito Fastweb come gi\u00e0 da qualche tempo \u2013 anche per il settore finanziario il 2022 ha registrato un ulteriore forte aumento degli attacchi, inclusi quelli a gravit\u00e0 elevata o critica. Le aziende devono quindi dotarsi di un&#8217;organizzazione ben strutturata, incaricata di valutare le minacce informatiche e i punti di vulnerabilit\u00e0, identificando le soluzioni pi\u00f9 efficaci e il giusto partner che possa affiancarle in questo percorso che richiede competenze e tecnologie molto evolute.<br \/>\nFastweb ha una vasta esperienza nei servizi gestiti di cybersecurity, sia come partner di grandi aziende e pubbliche amministrazioni, sia per la sua stessa necessit\u00e0 di difendere un\u2019infrastruttura critica come una rete di telecomunicazioni. Per garantire il pi\u00f9 alto livello di efficacia e affidabilit\u00e0, abbiamo costantemente investito in competenze, creando un\u2019organizzazione integrata con la controllata 7Layers, con sedi operative geograficamente distribuite sul territorio italiano e internazionale, che garantiscono un monitoraggio 7&#215;24 con personale pluri-certificato.<br \/>\nL\u2019attenzione alla completezza e aggiornamento delle soluzioni di sicurezza, che include l\u2019utilizzo dell\u2019Intelligenza Artificiale, permette di avere una governance completa di tutte le tecnologie di analisi e risposta agli attacchi, per individuare quale sia il miglior framework di protezione per ogni azienda, al fine di proteggere i dati, prevenire attacchi o frodi e rispondere tempestivamente agli incidenti cyber.<br \/>\nL\u2019obiettivo \u00e8 di offrire una protezione integrata della rete e di tutte le infrastrutture e applicativi dei clienti, anche in ambienti multi e hybrid cloud. Questa visione olistica della cybersecurity passa anche attraverso la collaborazione e condivisione di informazioni e best practice con tutti gli stakeholder e la cura delle competenze, sia quelle interne \u2013 con la continua crescita dei team di specialisti e in generale di tutti i dipendenti \u2013 sia quelle dei nostri clienti, cui dedichiamo percorsi di Cybersecurity Awareness e iniziative innovative come la Cybersecurity Academy, realizzata nell\u2019ambito della Fastweb Digital Academy, in collaborazione con 7Layers e alcuni tra i massimi esperti a livello accademico in Italia.<\/p>\n<p>&nbsp;<\/p>\n<h2><span style=\"color: #333333;\">Oggi siete stati presenti insieme ad AWS e 7Layers: da dove \u00e8 nata questa partnership e perch\u00e9 la collaborazione tra Fastweb ed AWS semplifica la complessit\u00e0?<\/span><\/h2>\n<p>L&#8217;integrazione delle soluzioni di 7Layers, da anni riconosciuta come una delle realt\u00e0 pi\u00f9 innovative in Italia, ha consentito di beneficiare di servizi aggiuntivi, coprendo integralmente il fabbisogno di protezione contro le minacce, con un controllo completo end-to-end delle risorse gestite e dell\u2019intero ciclo di vita delle soluzioni erogate. Al ricco portafoglio Fastweb, specializzato nella protezione delle infrastrutture di rete monitorate costantemente dai nostri SOC (Security Operations Center), si aggiunge quello di 7Layers, ad esempio in ambito Threat Management e Offensive Security. Questo garantisce alle aziende clienti un approccio preventivo alla sicurezza e la capacit\u00e0 di gestire e mitigare attacchi sempre pi\u00f9 sofisticati e pericolosi.<br \/>\nNell\u2019ambito delle piattaforme e applicazioni cloud, la partnership strategica siglata con AWS a novembre 2021 punta a fornire nuove soluzioni nelle aree della progettazione, migrazione, sicurezza avanzata, innovazione e analisi dei dati, dando vita a nuove iniziative per semplificare e accelerare il percorso di trasformazione digitale delle aziende. Si tratta di attivit\u00e0 complesse e che richiedono un continuo aggiornamento di competenze e tecnologie.<br \/>\nInsieme ad AWS mettiamo a disposizione del mondo bancario e assicurativo un know-how e un portafoglio prodotti unico e in continua evoluzione, per sfruttare al massimo il potenziale innovativo del cloud, facendo leva da un lato sulla ricchezza e sulla scalabilit\u00e0 dei servizi AWS, primo player cloud al mondo, dall\u2019altro sull\u2019esperienza pluriennale di Fastweb nell\u2019integrazione sicura di piattaforme private, hybrid e multicloud.<br \/>\nAffidandosi a Fastweb e AWS per la gestione sicura e future-proof delle infrastrutture, gli istituti bancari e assicurativi possono concentrarsi sulle attivit\u00e0 a valore e costruire i servizi del futuro, in particolare quelli basati sull\u2019Intelligenza Artificiale.[\/vc_column_text][\/vc_column][\/vc_row]<\/p>\n","protected":false},"excerpt":{"rendered":"<p>[vc_row css=&#8221;.vc_custom_1681490819972{padding-top: 20px !important;}&#8221;][vc_column width=&#8221;5\/6&#8243;][vc_single_image image=&#8221;6204&#8243; img_size=&#8221;full&#8221; style=&#8221;vc_box_border_circle_2&#8243;][vc_column_text]Marco Pennarola\u00a0Head of Marketing\u00a0FASTWEB [\/vc_column_text][\/vc_column][vc_column width=&#8221;1\/6&#8243;][vc_single_image image=&#8221;6261&#8243;][\/vc_column][\/vc_row][vc_row][vc_column][vc_column_text] Che supporto fornite a banche e assicurazioni per garantire loro una rete solida e sicura? Il settore finanziario sta affrontando importanti cambiamenti per cogliere la sfida dell\u2019innovazione, rispondere ai bisogni emergenti dei clienti e, in particolare, delle nuove generazioni. L\u2019evoluzione degli [&hellip;]<\/p>\n","protected":false},"author":2,"featured_media":0,"parent":0,"menu_order":0,"comment_status":"closed","ping_status":"closed","template":"","meta":{"footnotes":""},"yoast_head":"<!-- This site is optimized with the Yoast SEO plugin v22.9 - https:\/\/yoast.com\/wordpress\/plugins\/seo\/ -->\n<title>Intervista - It&#039;s all Banking &amp; Insurance<\/title>\n<meta name=\"robots\" content=\"index, follow, max-snippet:-1, max-image-preview:large, max-video-preview:-1\" \/>\n<link rel=\"canonical\" href=\"https:\/\/itsall-banking-insurance.com\/index.php\/intervista-pennarola-fastweb\/\" \/>\n<meta property=\"og:locale\" content=\"it_IT\" \/>\n<meta property=\"og:type\" content=\"article\" \/>\n<meta property=\"og:title\" content=\"Intervista - It&#039;s all Banking &amp; Insurance\" \/>\n<meta property=\"og:description\" content=\"[vc_row css=&#8221;.vc_custom_1681490819972{padding-top: 20px !important;}&#8221;][vc_column width=&#8221;5\/6&#8243;][vc_single_image image=&#8221;6204&#8243; img_size=&#8221;full&#8221; style=&#8221;vc_box_border_circle_2&#8243;][vc_column_text]Marco Pennarola\u00a0Head of Marketing\u00a0FASTWEB [\/vc_column_text][\/vc_column][vc_column width=&#8221;1\/6&#8243;][vc_single_image image=&#8221;6261&#8243;][\/vc_column][\/vc_row][vc_row][vc_column][vc_column_text] Che supporto fornite a banche e assicurazioni per garantire loro una rete solida e sicura? Il settore finanziario sta affrontando importanti cambiamenti per cogliere la sfida dell\u2019innovazione, rispondere ai bisogni emergenti dei clienti e, in particolare, delle nuove generazioni. L\u2019evoluzione degli [&hellip;]\" \/>\n<meta property=\"og:url\" content=\"https:\/\/itsall-banking-insurance.com\/index.php\/intervista-pennarola-fastweb\/\" \/>\n<meta property=\"og:site_name\" content=\"It&#039;s all Banking &amp; Insurance\" \/>\n<meta property=\"article:modified_time\" content=\"2023-06-06T13:47:20+00:00\" \/>\n<meta name=\"twitter:card\" content=\"summary_large_image\" \/>\n<meta name=\"twitter:label1\" content=\"Tempo di lettura stimato\" \/>\n\t<meta name=\"twitter:data1\" content=\"4 minuti\" \/>\n<script type=\"application\/ld+json\" class=\"yoast-schema-graph\">{\"@context\":\"https:\/\/schema.org\",\"@graph\":[{\"@type\":\"WebPage\",\"@id\":\"https:\/\/itsall-banking-insurance.com\/index.php\/intervista-pennarola-fastweb\/\",\"url\":\"https:\/\/itsall-banking-insurance.com\/index.php\/intervista-pennarola-fastweb\/\",\"name\":\"Intervista - It&#039;s all Banking &amp; Insurance\",\"isPartOf\":{\"@id\":\"https:\/\/itsall-banking-insurance.com\/#website\"},\"datePublished\":\"2023-06-06T13:33:54+00:00\",\"dateModified\":\"2023-06-06T13:47:20+00:00\",\"breadcrumb\":{\"@id\":\"https:\/\/itsall-banking-insurance.com\/index.php\/intervista-pennarola-fastweb\/#breadcrumb\"},\"inLanguage\":\"it-IT\",\"potentialAction\":[{\"@type\":\"ReadAction\",\"target\":[\"https:\/\/itsall-banking-insurance.com\/index.php\/intervista-pennarola-fastweb\/\"]}]},{\"@type\":\"BreadcrumbList\",\"@id\":\"https:\/\/itsall-banking-insurance.com\/index.php\/intervista-pennarola-fastweb\/#breadcrumb\",\"itemListElement\":[{\"@type\":\"ListItem\",\"position\":1,\"name\":\"Home\",\"item\":\"https:\/\/itsall-banking-insurance.com\/\"},{\"@type\":\"ListItem\",\"position\":2,\"name\":\"Intervista\"}]},{\"@type\":\"WebSite\",\"@id\":\"https:\/\/itsall-banking-insurance.com\/#website\",\"url\":\"https:\/\/itsall-banking-insurance.com\/\",\"name\":\"It&#039;s all Banking &amp; Insurance\",\"description\":\"BANCHE e ASSICURAZIONI a confronto\",\"potentialAction\":[{\"@type\":\"SearchAction\",\"target\":{\"@type\":\"EntryPoint\",\"urlTemplate\":\"https:\/\/itsall-banking-insurance.com\/?s={search_term_string}\"},\"query-input\":\"required name=search_term_string\"}],\"inLanguage\":\"it-IT\"}]}<\/script>\n<!-- \/ Yoast SEO plugin. -->","yoast_head_json":{"title":"Intervista - It&#039;s all Banking &amp; Insurance","robots":{"index":"index","follow":"follow","max-snippet":"max-snippet:-1","max-image-preview":"max-image-preview:large","max-video-preview":"max-video-preview:-1"},"canonical":"https:\/\/itsall-banking-insurance.com\/index.php\/intervista-pennarola-fastweb\/","og_locale":"it_IT","og_type":"article","og_title":"Intervista - It&#039;s all Banking &amp; Insurance","og_description":"[vc_row css=&#8221;.vc_custom_1681490819972{padding-top: 20px !important;}&#8221;][vc_column width=&#8221;5\/6&#8243;][vc_single_image image=&#8221;6204&#8243; img_size=&#8221;full&#8221; style=&#8221;vc_box_border_circle_2&#8243;][vc_column_text]Marco Pennarola\u00a0Head of Marketing\u00a0FASTWEB [\/vc_column_text][\/vc_column][vc_column width=&#8221;1\/6&#8243;][vc_single_image image=&#8221;6261&#8243;][\/vc_column][\/vc_row][vc_row][vc_column][vc_column_text] Che supporto fornite a banche e assicurazioni per garantire loro una rete solida e sicura? Il settore finanziario sta affrontando importanti cambiamenti per cogliere la sfida dell\u2019innovazione, rispondere ai bisogni emergenti dei clienti e, in particolare, delle nuove generazioni. L\u2019evoluzione degli [&hellip;]","og_url":"https:\/\/itsall-banking-insurance.com\/index.php\/intervista-pennarola-fastweb\/","og_site_name":"It&#039;s all Banking &amp; Insurance","article_modified_time":"2023-06-06T13:47:20+00:00","twitter_card":"summary_large_image","twitter_misc":{"Tempo di lettura stimato":"4 minuti"},"schema":{"@context":"https:\/\/schema.org","@graph":[{"@type":"WebPage","@id":"https:\/\/itsall-banking-insurance.com\/index.php\/intervista-pennarola-fastweb\/","url":"https:\/\/itsall-banking-insurance.com\/index.php\/intervista-pennarola-fastweb\/","name":"Intervista - It&#039;s all Banking &amp; Insurance","isPartOf":{"@id":"https:\/\/itsall-banking-insurance.com\/#website"},"datePublished":"2023-06-06T13:33:54+00:00","dateModified":"2023-06-06T13:47:20+00:00","breadcrumb":{"@id":"https:\/\/itsall-banking-insurance.com\/index.php\/intervista-pennarola-fastweb\/#breadcrumb"},"inLanguage":"it-IT","potentialAction":[{"@type":"ReadAction","target":["https:\/\/itsall-banking-insurance.com\/index.php\/intervista-pennarola-fastweb\/"]}]},{"@type":"BreadcrumbList","@id":"https:\/\/itsall-banking-insurance.com\/index.php\/intervista-pennarola-fastweb\/#breadcrumb","itemListElement":[{"@type":"ListItem","position":1,"name":"Home","item":"https:\/\/itsall-banking-insurance.com\/"},{"@type":"ListItem","position":2,"name":"Intervista"}]},{"@type":"WebSite","@id":"https:\/\/itsall-banking-insurance.com\/#website","url":"https:\/\/itsall-banking-insurance.com\/","name":"It&#039;s all Banking &amp; Insurance","description":"BANCHE e ASSICURAZIONI a confronto","potentialAction":[{"@type":"SearchAction","target":{"@type":"EntryPoint","urlTemplate":"https:\/\/itsall-banking-insurance.com\/?s={search_term_string}"},"query-input":"required name=search_term_string"}],"inLanguage":"it-IT"}]}},"_links":{"self":[{"href":"https:\/\/itsall-banking-insurance.com\/index.php\/wp-json\/wp\/v2\/pages\/6375"}],"collection":[{"href":"https:\/\/itsall-banking-insurance.com\/index.php\/wp-json\/wp\/v2\/pages"}],"about":[{"href":"https:\/\/itsall-banking-insurance.com\/index.php\/wp-json\/wp\/v2\/types\/page"}],"author":[{"embeddable":true,"href":"https:\/\/itsall-banking-insurance.com\/index.php\/wp-json\/wp\/v2\/users\/2"}],"replies":[{"embeddable":true,"href":"https:\/\/itsall-banking-insurance.com\/index.php\/wp-json\/wp\/v2\/comments?post=6375"}],"version-history":[{"count":2,"href":"https:\/\/itsall-banking-insurance.com\/index.php\/wp-json\/wp\/v2\/pages\/6375\/revisions"}],"predecessor-version":[{"id":6377,"href":"https:\/\/itsall-banking-insurance.com\/index.php\/wp-json\/wp\/v2\/pages\/6375\/revisions\/6377"}],"wp:attachment":[{"href":"https:\/\/itsall-banking-insurance.com\/index.php\/wp-json\/wp\/v2\/media?parent=6375"}],"curies":[{"name":"wp","href":"https:\/\/api.w.org\/{rel}","templated":true}]}}